[INFO] cloning repository https://github.com/bholt/scarlet
[INFO] running `Command { std: "git" "-c" "credential.helper=" "-c" "credential.helper=/workspace/cargo-home/bin/git-credential-null" "clone" "--bare" "https://github.com/bholt/scarlet" "/workspace/cache/git-repos/https%3A%2F%2Fgithub.com%2Fbholt%2Fscarlet", kill_on_drop: false }`
[INFO] [stderr] Cloning into bare repository '/workspace/cache/git-repos/https%3A%2F%2Fgithub.com%2Fbholt%2Fscarlet'...
[INFO] running `Command { std: "git" "rev-parse" "HEAD", kill_on_drop: false }`
[INFO] [stdout] 52266255bc99d2185fd17282c27b93e3f21cd6bd
[INFO] checking bholt/scarlet against master#cfbc6d4cf1acbac5c025acf8ed68929caa551df3 for pr-75494-beta
[INFO] running `Command { std: "git" "clone" "/workspace/cache/git-repos/https%3A%2F%2Fgithub.com%2Fbholt%2Fscarlet" "/workspace/builds/worker-7/source", kill_on_drop: false }`
[INFO] [stderr] Cloning into '/workspace/builds/worker-7/source'...
[INFO] [stderr] done.
[INFO] validating manifest of git repo https://github.com/bholt/scarlet on toolchain cfbc6d4cf1acbac5c025acf8ed68929caa551df3
[INFO] running `Command { std: "/workspace/cargo-home/bin/cargo" "+cfbc6d4cf1acbac5c025acf8ed68929caa551df3" "read-manifest" "--manifest-path" "Cargo.toml", kill_on_drop: false }`
[INFO] started tweaking git repo https://github.com/bholt/scarlet
[INFO] finished tweaking git repo https://github.com/bholt/scarlet
[INFO] tweaked toml for git repo https://github.com/bholt/scarlet written to /workspace/builds/worker-7/source/Cargo.toml
[INFO] crate git repo https://github.com/bholt/scarlet already has a lockfile, it will not be regenerated
[INFO] running `Command { std: "/workspace/cargo-home/bin/cargo" "+cfbc6d4cf1acbac5c025acf8ed68929caa551df3" "fetch" "--locked" "--manifest-path" "Cargo.toml", kill_on_drop: false }`
[INFO] [stderr]     Updating git repository `https://github.com/mitsuhiko/redis-rs.git`
[INFO] [stderr] error: the lock file /workspace/builds/worker-7/source/Cargo.lock needs to be updated but --locked was passed to prevent this
[INFO] [stderr] If you want to try to generate the lock file without accessing the network, use the --offline flag.
[INFO] the lockfile is outdated, regenerating it
[INFO] running `Command { std: "/workspace/cargo-home/bin/cargo" "+cfbc6d4cf1acbac5c025acf8ed68929caa551df3" "generate-lockfile" "--manifest-path" "Cargo.toml" "-Zno-index-update", kill_on_drop: false }`
[INFO] [stderr]     Updating git repository `https://github.com/mitsuhiko/redis-rs.git`
[INFO] running `Command { std: "/workspace/cargo-home/bin/cargo" "+cfbc6d4cf1acbac5c025acf8ed68929caa551df3" "fetch" "--locked" "--manifest-path" "Cargo.toml", kill_on_drop: false }`
[INFO] [stderr]     Blocking waiting for file lock on package cache
[INFO] [stderr]  Downloading crates ...
[INFO] [stderr]   Downloaded async-trait v0.1.38
[INFO] [stderr]   Downloaded parking v1.0.6
[INFO] [stderr]   Downloaded combine v4.2.1
[INFO] [stderr]   Downloaded blocking v0.5.2
[INFO] [stderr]   Downloaded fastrand v1.3.4
[INFO] [stderr]   Downloaded parking v2.0.0
[INFO] [stderr]   Downloaded async-mutex v1.1.5
[INFO] [stderr]   Downloaded waker-fn v1.0.0
[INFO] [stderr]   Downloaded multitask v0.2.0
[INFO] [stderr]   Downloaded once_cell v1.4.1
[INFO] [stderr]   Downloaded async-channel v1.4.0
[INFO] [stderr]   Downloaded polling v0.1.5
[INFO] [stderr]   Downloaded vec-arena v0.5.2
[INFO] [stderr]   Downloaded wepoll-sys-stjepang v1.0.6
[INFO] [stderr]   Downloaded async-io v0.1.11
[INFO] [stderr]   Downloaded async-task v3.0.0
[INFO] [stderr]   Downloaded cache-padded v1.1.1
[INFO] [stderr]   Downloaded concurrent-queue v1.2.2
[INFO] [stderr]   Downloaded event-listener v2.4.0
[INFO] [stderr]   Downloaded atomic-waker v1.0.0
[INFO] [stderr]   Downloaded futures-lite v0.1.11
[INFO] [stderr]   Downloaded async-std v1.6.3
[INFO] [stderr]   Downloaded async-executor v0.1.2
[INFO] running `Command { std: "docker" "create" "-v" "/var/lib/crater-agent-workspace/builds/worker-7/target:/opt/rustwide/target:rw,Z" "-v" "/var/lib/crater-agent-workspace/builds/worker-7/source:/opt/rustwide/workdir:ro,Z" "-v" "/var/lib/crater-agent-workspace/cargo-home:/opt/rustwide/cargo-home:ro,Z" "-v" "/var/lib/crater-agent-workspace/rustup-home:/opt/rustwide/rustup-home:ro,Z" "-e" "SOURCE_DIR=/opt/rustwide/workdir" "-e" "CARGO_TARGET_DIR=/opt/rustwide/target" "-e" "CARGO_HOME=/opt/rustwide/cargo-home" "-e" "RUSTUP_HOME=/opt/rustwide/rustup-home" "-w" "/opt/rustwide/workdir" "-m" "1610612736" "--user" "0:0" "--network" "none" "rustops/crates-build-env@sha256:a636fd89d022f18117e1dc8fb37a0a009933cdbbe082814857f0e2024962d47c" "/opt/rustwide/cargo-home/bin/cargo" "+cfbc6d4cf1acbac5c025acf8ed68929caa551df3" "metadata" "--no-deps" "--format-version=1", kill_on_drop: false }`
[INFO] [stderr] WARNING: Your kernel does not support swap limit capabilities or the cgroup is not mounted. Memory limited without swap.
[INFO] [stdout] cc27406e6aa4f1356b916a869b07e563c420275907fecb81f7d1c64bab7faf2e
[INFO] running `Command { std: "docker" "start" "-a" "cc27406e6aa4f1356b916a869b07e563c420275907fecb81f7d1c64bab7faf2e", kill_on_drop: false }`
[INFO] running `Command { std: "docker" "inspect" "cc27406e6aa4f1356b916a869b07e563c420275907fecb81f7d1c64bab7faf2e", kill_on_drop: false }`
[INFO] running `Command { std: "docker" "rm" "-f" "cc27406e6aa4f1356b916a869b07e563c420275907fecb81f7d1c64bab7faf2e", kill_on_drop: false }`
[INFO] [stdout] cc27406e6aa4f1356b916a869b07e563c420275907fecb81f7d1c64bab7faf2e
[INFO] running `Command { std: "docker" "create" "-v" "/var/lib/crater-agent-workspace/builds/worker-7/target:/opt/rustwide/target:rw,Z" "-v" "/var/lib/crater-agent-workspace/builds/worker-7/source:/opt/rustwide/workdir:ro,Z" "-v" "/var/lib/crater-agent-workspace/cargo-home:/opt/rustwide/cargo-home:ro,Z" "-v" "/var/lib/crater-agent-workspace/rustup-home:/opt/rustwide/rustup-home:ro,Z" "-e" "SOURCE_DIR=/opt/rustwide/workdir" "-e" "CARGO_TARGET_DIR=/opt/rustwide/target" "-e" "CARGO_INCREMENTAL=0" "-e" "RUST_BACKTRACE=full" "-e" "RUSTFLAGS=--cap-lints=forbid" "-e" "CARGO_HOME=/opt/rustwide/cargo-home" "-e" "RUSTUP_HOME=/opt/rustwide/rustup-home" "-w" "/opt/rustwide/workdir" "-m" "1610612736" "--user" "0:0" "--network" "none" "rustops/crates-build-env@sha256:a636fd89d022f18117e1dc8fb37a0a009933cdbbe082814857f0e2024962d47c" "/opt/rustwide/cargo-home/bin/cargo" "+cfbc6d4cf1acbac5c025acf8ed68929caa551df3" "check" "--frozen" "--all" "--all-targets" "--message-format=json", kill_on_drop: false }`
[INFO] [stdout] 03f4466deaeffcc5c019d065461c529cf11d479235a1543a48e256489a0c4e17
[INFO] [stderr] WARNING: Your kernel does not support swap limit capabilities or the cgroup is not mounted. Memory limited without swap.
[INFO] running `Command { std: "docker" "start" "-a" "03f4466deaeffcc5c019d065461c529cf11d479235a1543a48e256489a0c4e17", kill_on_drop: false }`
[INFO] [stderr]     Checking cfg-if v0.1.10
[INFO] [stderr]    Compiling memchr v2.3.3
[INFO] [stderr]     Checking futures-core v0.3.5
[INFO] [stderr]    Compiling unicode-xid v0.2.1
[INFO] [stderr]     Checking pin-project-lite v0.1.7
[INFO] [stderr]     Checking cache-padded v1.1.1
[INFO] [stderr]     Checking once_cell v1.4.1
[INFO] [stderr]     Checking slab v0.4.2
[INFO] [stderr]     Checking fastrand v1.3.4
[INFO] [stderr]     Checking waker-fn v1.0.0
[INFO] [stderr]    Compiling pin-project-internal v0.4.23
[INFO] [stderr]     Checking lazy_static v1.4.0
[INFO] [stderr]     Checking parking v2.0.0
[INFO] [stderr]     Checking event-listener v2.4.0
[INFO] [stderr]     Checking pin-utils v0.1.0
[INFO] [stderr]     Checking fnv v1.0.7
[INFO] [stderr]     Checking vec-arena v0.5.2
[INFO] [stderr]     Checking tinyvec v0.3.4
[INFO] [stderr]     Checking futures-sink v0.3.5
[INFO] [stderr]     Checking bytes v0.5.6
[INFO] [stderr]     Checking async-task v3.0.0
[INFO] [stderr]     Checking matches v0.1.8
[INFO] [stderr]     Checking atomic-waker v1.0.0
[INFO] [stderr]     Checking parking v1.0.6
[INFO] [stderr]     Checking percent-encoding v2.1.0
[INFO] [stderr]     Checking dtoa v0.4.6
[INFO] [stderr]     Checking concurrent-queue v1.2.2
[INFO] [stderr]     Checking async-mutex v1.1.5
[INFO] [stderr]    Compiling proc-macro2 v1.0.19
[INFO] [stderr]     Checking log v0.4.11
[INFO] [stderr]     Checking net2 v0.2.34
[INFO] [stderr]     Checking iovec v0.1.4
[INFO] [stderr]     Checking polling v0.1.5
[INFO] [stderr]     Checking socket2 v0.3.12
[INFO] [stderr]     Checking num_cpus v1.13.0
[INFO] [stderr]     Checking futures-task v0.3.5
[INFO] [stderr]     Checking unicode-bidi v0.3.4
[INFO] [stderr]     Checking crossbeam-utils v0.7.2
[INFO] [stderr]     Checking async-channel v1.4.0
[INFO] [stderr]     Checking multitask v0.2.0
[INFO] [stderr]     Checking unicode-normalization v0.1.13
[INFO] [stderr]     Checking kv-log-macro v1.0.7
[INFO] [stderr]     Checking mio v0.6.22
[INFO] [stderr]    Compiling quote v1.0.7
[INFO] [stderr]     Checking futures-lite v0.1.11
[INFO] [stderr]    Compiling syn v1.0.39
[INFO] [stderr]     Checking idna v0.2.0
[INFO] [stderr]     Checking mio-uds v0.6.8
[INFO] [stderr]     Checking async-io v0.1.11
[INFO] [stderr]     Checking blocking v0.5.2
[INFO] [stderr]     Checking tokio v0.2.22
[INFO] [stderr]     Checking async-executor v0.1.2
[INFO] [stderr]     Checking async-std v1.6.3
[INFO] [stderr]     Checking url v2.1.1
[INFO] [stderr]     Checking tokio-util v0.3.1
[INFO] [stderr]    Compiling async-trait v0.1.38
[INFO] [stderr]     Checking pin-project v0.4.23
[INFO] [stderr]     Checking futures-util v0.3.5
[INFO] [stderr]     Checking combine v4.2.1
[INFO] [stderr]     Checking redis v0.17.1-alpha.0 (https://github.com/mitsuhiko/redis-rs.git#7a3a4c2d)
[INFO] [stderr]     Checking scarlet v0.1.0 (/opt/rustwide/workdir)
[INFO] [stdout] warning: use of deprecated item 'try': use the `?` operator instead
[INFO] [stdout]   --> src/main.rs:10:5
[INFO] [stdout]    |
[INFO] [stdout] 10 |     try!(c.set("foo", 42));
[INFO] [stdout]    |     ^^^
[INFO] [stdout]    |
[INFO] [stdout]    = note: `#[warn(deprecated)]` on by default
[INFO] [stdout] 
[INFO] [stdout] 
[INFO] [stdout] warning: use of deprecated item 'try': use the `?` operator instead
[INFO] [stdout]   --> src/main.rs:10:5
[INFO] [stdout]    |
[INFO] [stdout] 10 |     try!(c.set("foo", 42));
[INFO] [stdout]    |     ^^^
[INFO] [stdout]    |
[INFO] [stdout]    = note: `#[warn(deprecated)]` on by default
[INFO] [stdout] 
[INFO] [stdout] 
[INFO] [stdout] error[E0596]: cannot borrow `*c` as mutable, as it is behind a `&` reference
[INFO] [stdout]   --> src/main.rs:10:10
[INFO] [stdout]    |
[INFO] [stdout] 9  | fn check(c: &Connection) -> RedisResult<isize> {
[INFO] [stdout]    |             ----------- help: consider changing this to be a mutable reference: `&mut redis::Connection`
[INFO] [stdout] 10 |     try!(c.set("foo", 42));
[INFO] [stdout]    |          ^ `c` is a `&` reference, so the data it refers to cannot be borrowed as mutable
[INFO] [stdout] 
[INFO] [stdout] 
[INFO] [stdout] error[E0596]: cannot borrow `*c` as mutable, as it is behind a `&` reference
[INFO] [stdout]   --> src/main.rs:11:5
[INFO] [stdout]    |
[INFO] [stdout] 9  | fn check(c: &Connection) -> RedisResult<isize> {
[INFO] [stdout]    |             ----------- help: consider changing this to be a mutable reference: `&mut redis::Connection`
[INFO] [stdout] 10 |     try!(c.set("foo", 42));
[INFO] [stdout] 11 |     c.get("foo") as RedisResult<isize>
[INFO] [stdout]    |     ^ `c` is a `&` reference, so the data it refers to cannot be borrowed as mutable
[INFO] [stdout] 
[INFO] [stdout] 
[INFO] [stdout] error[E0596]: cannot borrow `*c` as mutable, as it is behind a `&` reference
[INFO] [stdout]   --> src/main.rs:52:9
[INFO] [stdout]    |
[INFO] [stdout] 51 |     fn set(&self, c: &Connection) -> RedisResult<()> {
[INFO] [stdout]    |                      ----------- help: consider changing this to be a mutable reference: `&mut redis::Connection`
[INFO] [stdout] 52 |         c.hset_multiple(Self::key(self.id), argmap!(
[INFO] [stdout]    |         ^ `c` is a `&` reference, so the data it refers to cannot be borrowed as mutable
[INFO] [stdout] 
[INFO] [stdout] 
[INFO] [stdout] error[E0596]: cannot borrow `c` as mutable, as it is not declared as mutable
[INFO] [stdout]   --> src/main.rs:78:27
[INFO] [stdout]    |
[INFO] [stdout] 65 |     let c = client.get_connection().unwrap();
[INFO] [stdout]    |         - help: consider changing this to be mutable: `mut c`
[INFO] [stdout] ...
[INFO] [stdout] 78 |     let r : Vec<String> = c.hget(User::key(u.id), &["username","first","last"]).unwrap();
[INFO] [stdout]    |                           ^ cannot borrow as mutable
[INFO] [stdout] 
[INFO] [stdout] 
[INFO] [stdout] error: aborting due to 4 previous errors; 1 warning emitted
[INFO] [stdout] 
[INFO] [stdout] 
[INFO] [stdout] For more information about this error, try `rustc --explain E0596`.
[INFO] [stdout] 
[INFO] [stderr] error: could not compile `scarlet`.
[INFO] [stderr] 
[INFO] [stderr] To learn more, run the command again with --verbose.
[INFO] [stderr] warning: build failed, waiting for other jobs to finish...
[INFO] [stdout] error[E0596]: cannot borrow `*c` as mutable, as it is behind a `&` reference
[INFO] [stdout]   --> src/main.rs:10:10
[INFO] [stdout]    |
[INFO] [stdout] 9  | fn check(c: &Connection) -> RedisResult<isize> {
[INFO] [stdout]    |             ----------- help: consider changing this to be a mutable reference: `&mut redis::Connection`
[INFO] [stdout] 10 |     try!(c.set("foo", 42));
[INFO] [stdout]    |          ^ `c` is a `&` reference, so the data it refers to cannot be borrowed as mutable
[INFO] [stdout] 
[INFO] [stdout] 
[INFO] [stdout] error[E0596]: cannot borrow `*c` as mutable, as it is behind a `&` reference
[INFO] [stdout]   --> src/main.rs:11:5
[INFO] [stdout]    |
[INFO] [stdout] 9  | fn check(c: &Connection) -> RedisResult<isize> {
[INFO] [stdout]    |             ----------- help: consider changing this to be a mutable reference: `&mut redis::Connection`
[INFO] [stdout] 10 |     try!(c.set("foo", 42));
[INFO] [stdout] 11 |     c.get("foo") as RedisResult<isize>
[INFO] [stdout]    |     ^ `c` is a `&` reference, so the data it refers to cannot be borrowed as mutable
[INFO] [stdout] 
[INFO] [stdout] 
[INFO] [stdout] error[E0596]: cannot borrow `*c` as mutable, as it is behind a `&` reference
[INFO] [stdout]   --> src/main.rs:52:9
[INFO] [stdout]    |
[INFO] [stdout] 51 |     fn set(&self, c: &Connection) -> RedisResult<()> {
[INFO] [stdout]    |                      ----------- help: consider changing this to be a mutable reference: `&mut redis::Connection`
[INFO] [stdout] 52 |         c.hset_multiple(Self::key(self.id), argmap!(
[INFO] [stdout]    |         ^ `c` is a `&` reference, so the data it refers to cannot be borrowed as mutable
[INFO] [stdout] 
[INFO] [stdout] 
[INFO] [stdout] error[E0596]: cannot borrow `c` as mutable, as it is not declared as mutable
[INFO] [stdout]   --> src/main.rs:78:27
[INFO] [stdout]    |
[INFO] [stdout] 65 |     let c = client.get_connection().unwrap();
[INFO] [stdout]    |         - help: consider changing this to be mutable: `mut c`
[INFO] [stdout] ...
[INFO] [stdout] 78 |     let r : Vec<String> = c.hget(User::key(u.id), &["username","first","last"]).unwrap();
[INFO] [stdout]    |                           ^ cannot borrow as mutable
[INFO] [stdout] 
[INFO] [stdout] 
[INFO] [stdout] error: aborting due to 4 previous errors; 1 warning emitted
[INFO] [stdout] 
[INFO] [stdout] 
[INFO] [stdout] For more information about this error, try `rustc --explain E0596`.
[INFO] [stdout] 
[INFO] [stderr] error: build failed
[INFO] running `Command { std: "docker" "inspect" "03f4466deaeffcc5c019d065461c529cf11d479235a1543a48e256489a0c4e17", kill_on_drop: false }`
[INFO] running `Command { std: "docker" "rm" "-f" "03f4466deaeffcc5c019d065461c529cf11d479235a1543a48e256489a0c4e17", kill_on_drop: false }`
[INFO] [stdout] 03f4466deaeffcc5c019d065461c529cf11d479235a1543a48e256489a0c4e17
